ded by j.
13
Let o = 94 - 21. What is the remainder when o is divided by 25?
23
Suppose 0 = 12*x - 490 - 194. Let r = 42 + -22. What is the remainder when x is divided by r?
17
Let m = -55 + 94. Suppose 0*v - m = -3*v. Let i(d) = 3*d**2 - 3. What is the remainder when i(-3) is divided by v?
11
Let w(j) = j**3 - 2*j**2 + 6*j - 2. Let y be w(5). Suppose 0 = 4*z - y + 31. Suppose q - 11 = z. Calculate the remainder when q is divided by 10.
9
Suppose -5*w + 5*d + 55 = 0, 14 = 4*d - 6. Suppose f + f - 62 = 0. What is the remainder when f is divided by w?
15
Let j = -4 - -6. Suppose j*g - 12 - 36 = 0. Suppose c - 3*c + g = 0. What is the remainder when 35 is divided by c?
11
Let a be ((-7)/(-21))/((-3)/(-18)). Suppose 5*f = -0*f + 20. Suppose -2*u + 37 = -g - 15, -a*g + 104 = f*u. Calculate the remainder when u is divided by 14.
12
Calculate the remainder when (-40)/(-2) + (-4)/4 is divided by 5.
4
Let m be 0/(-2 - (2 - 5)). Suppose -5*j + m*j = -130. Let p(c) = -c**2 + 5*c + 3. What is the remainder when j is divided by p(3)?
8
Let i(y) = -12 + 3*y**2 - 2*y**2 + 6*y + 0*y. Let v(k) = -k**3 + 3*k**2 - 2*k - 3. Let a be v(3). Calculate the remainder when 43 is divided by i(a).
13
Let y be (-100)/60 - 1/3. Let q be ((-14)/3)/(1/(-3)). Let o = q - y. Calculate the remainder when o is divided by 6.
4
Let z(a) = a**2 - 4*a - 1. Let x be z(5). Suppose 2*v - 16 = -4*g, -v = -x*v - 5*g + 29. Let l = 14 + -4. Calculate the remainder when v is divided by l.
8
Let n(z) = 24*z**2 + z. Let b(p) = -p**2 + 1 + 0*p**2 + 9*p**2 - p**3 - 6*p. What is the remainder when n(-1) is divided by b(7)?
7
Suppose 5*d = 3*b - 5*b, 0 = 5*d + 20. Let s(a) = -22*a**3 - a**2 - a. Let f be s(-1). What is the remainder when b is divided by -2*3*f/(-33)?
2
Let d(q) = 7*q**2 - 14*q - 5. What is the remainder when d(6) is divided by 33?
31
What is the remainder when (2/(-6))/(10/(-2670)) is divided by 23?
20
Calculate the remainder when 133 is divided by 2*6*6*(-1)/(-9).
5
Suppose -17 = -3*l - 8. Suppose -2*j - j + 57 = l*g, -g + 3*j = -11. What is the remainder when g is divided by 5?
2
Suppose -2*g + 3*g + 3*p = 19, 4*g = 4*p + 44. Let z = 66 + -15. Calculate the remainder when z is divided by g.
12
Let u(x) = 43*x**2 - 8*x - 17. Calculate the remainder when u(-3) is divided by 22.
20
Let r(y) = y - 5. Let q be -2 + 1 + (-10)/(-1). Let t be r(q). Suppose t*p - 17 = 15. What is the remainder when p is divided by 3?
2
Let h = 8 + -3. Suppose -4*t + 216 = 3*z, 287 = h*z - 4*t - 73. Suppose 2*u - z = -u. Calculate the remainder when u is divided by 9.
6
Let m = -117 + 179. Suppose -5*u = 2*p - 18, 0 = -u + 4*u + 12. Suppose 2*x - r = 37, 3*x - 5*r - 57 = -p. What is the remainder when m is divided by x?
20
Let p(f) = f**2 + f - 8. Calculate the remainder when 64 is divided by p(-6).
20
Let k be ((-9)/(-4))/((-30)/320). Suppose 0 = -4*u + 77 + 95. Let o = k + u. What is the remainder when o is divided by 10?
9
Suppose 5*c = -h + 60 + 9, -5*h + 59 = 3*c. Suppose -w + 0*w = -4*i + 156, 0 = 5*i - w - 194. Calculate the remainder when i is divided by c.
12
Let l be (9/(-3))/(-2 + 1). Suppose 34 = l*s - 59. What is the remainder when s is divided by 11?
9
What is the remainder when 41 is divided by ((1 - 3)/2)/(3/(-45))?
11
Suppose -v + 41 = 2*c, 2*v = -3*c - 2*c + 85. What is the remainder when v is divided by (54/(-21))/(1/(42/(-9)))?
11
Let y = -1 + 4. Suppose y*x = -0*x + 99. Calculate the remainder when x is divided by 17.
16
Suppose 7*v - 6*v - u = 82, 392 = 5*v + u. Let d(c) = 28*c**3 - c**2 - c + 1. What is the remainder when v is divided by d(1)?
25
Let p(t) = -t**3 + 5*t**2 + 4. Suppose 2*b = -4*d + 30, -4*b + 2*d - 27 = -77. Let h = 1 + b. What is the remainder when h is divided by p(5)?
2
Let m(y) = 3*y**3 - 2*y + 1. Let h be m(1). Let c be 7/h*8/4. Suppose 23 = 2*k + c. What is the remainder when k is divided by 5?
3
Suppose -81 = -3*b - 30. What is the remainder when 49 is divided by b?
15
Let h(l) = l**3 - l - 1. Let n(s) = -2*s**3 + 9*s + 2. Let a(k) = 5*h(k) + n(k). Calculate the remainder when a(2) is divided by 16.
13
Let h = -2 - -6. Suppose 0 = h*k - 71 - 13. Let j = 16 + -8. What is the remainder when k is divided by j?
5
Let k(p) = p**3 - 2*p**2 - 13*p + 13. Suppose 173 = 2*x + 4*t - 9*t, -2*t - 176 = -2*x. Calculate the remainder when x is divided by k(5).
20
Suppose -j = 4*z - 0*z + 1, 0 = -j + 2*z + 17. What is the remainder when j is divided by 4?
3
Let h be (-52)/(-9) + 8/36. What is the remainder when (-3)/(-2)*h - 0 is divided by 5?
4
Let t(d) = 4*d**2 - 2*d + 1. Let k be t(1). Let v = k - 0. What is the remainder when 6 is divided by v?
0
Let f = 59 - 54. Suppose w + 17 = 4*l, 4*l - 13 = 3*l + 2*w. What is the remainder when f is divided by l?
2
Let i(d) = 3*d**2 + d - 3. What is the remainder when 17 is divided by i(2)?
6
Suppose w + 2 = 2*w. Suppose -13 = w*h - 47. What is the remainder when h is divided by 10?
7
Suppose -4*q = d, -2*q + 3 + 3 = 2*d. Suppose 0 = -u + 1 + 1. Calculate the remainder when ((-2)/(-4))/(u/28) is divided by d.
3
Suppose 3*p = 2*p + 12. Let f = -4 - -9. Calculate the remainder when p is divided by f.
2
Let n(o) = o**2 - 9*o + 20. Calculate the remainder when 8 is divided by n(6).
0
Let k = -143 + 240. Let l = -2 + k. Suppose -5*r - 35 = -l. What is the remainder when 23 is divided by r?
11
Let z = -192 - -328. Suppose -z - 49 = -5*x. Suppose -2*a + 4*b + 34 = 0, 2*b + 0 = 2. What is the remainder when x is divided by a?
18
Let b = 15 + -11. Suppose -p - 3*n = 3, -5*p + 4*n + 14 = -28. Suppose 3*q = p*q - 30. What is the remainder when q is divided by b?
2
Let c = -7 + 8. Let z(b) = 19*b + 1. Calculate the remainder when 58 is divided by z(c).
18
Let p be (-122)/4 + 2/4. Let q = p - -49. Suppose 0*z = -z + 10. Calculate the remainder when q is divided by z.
9
Let k = 39 - 23. What is the remainder when (44/55)/(-1 - (-154)/150) is divided by k?
14
Let p(m) = -m**3 - 3*m**2 - 6*m - 5. Calculate the remainder when 63 is divided by p(-3).
11
Let a(v) = -2*v**3 - 4*v - 3. Suppose 0 = -3*y + 4*q - 6, 0 = -4*y + 3*q - 0 - 8. What is the remainder when a(y) is divided by 11?
10
Let f(w) = -w**2 - 4*w + 3. Let d be (-2)/(-7) + 286/77. Suppose -26 - d = -3*m. What is the remainder when m is divided by f(-3)?
4
Suppose q = -3*j + 4*j + 29, -5*q - 71 = 3*j. Let t = j - -41. Suppose 0 = 2*m + g - 25 - 32, m + 2*g - 33 = 0. Calculate the remainder when m is divided by t.
13
Suppose -6*p - 3*o = -5*p - 20, 5*p - 81 = 4*o. What is the remainder when (-4)/(-18) - (-439)/9 is divided by p?
15
Let l(f) = 4*f + 4. Let v = 895 + -881. Calculate the remainder when l(5) is divided by v.
10
Let u(o) = -o**2 - 7*o + 2. Let w = -4 + -2. What is the remainder when u(w) is divided by (-1 + 2)/((-8)/(-40))?
3
Let z(j) = -j**2 - 18*j + 3. Calculate the remainder when 57 is divided by z(-17).
17
Suppose -r = -14 - 16. What is the remainder when 178 is divided by r?
28
Let f = 9 - -8. Calculate the remainder when 29 is divided by f.
12
Suppose 0 = -8*x + 31 - 7. What is the remainder when x is divided by (-2)/(-7) + (-38)/(-14)?
0
Let y be ((-1)/2)/((-2)/20). Let n be (-4)/(-5) + 8/(-10). Suppose -y*s + 15 = n, -2*s - s - 9 = -2*p. Calculate the remainder when 26 is divided by p.
8
Let y(g) = -2*g**2 - 6*g + 6. Let t be y(-5). Let q = -11 - t. Suppose 0 = -s - 3 + 1, 0 = 3*w - s - 23. What is the remainder when w is divided by q?
1
Calculate the remainder when 104 is divided by (15/30)/((-2)/8) + 23.
20
Suppose 0*a + 5*a - 15 = 0. Suppose -o + a = -2*o. What is the remainder when ((-9)/6)/(o/68) is divided by 9?
7
Let r(d) = -2*d - 5. Let h(v) = -v**3 + 2*v**2 + 1. Let z be h(2). Suppose -m - z = 4. Calculate the remainder when r(m) is divided by 3.
2
Let v = 97 - 59. Calculate the remainder when 146 is divided by v.
32
Suppose 3*u + g = 50, -2*g + 64 = 4*u - 0*u. Suppose -3*t - 75 - u = -2*k, 5*t + 103 = 2*k. Let b = 12 - -2. What is the remainder when k is divided by b?
11
Suppose -3*v + 0 = -36. Let c = 15 - 11. Let f = 11 - c. Calculate the remainder when v is divided by f.
5
Calculate the remainder when ((-94)/4)/(4/(-24)*3) is divided by 12.
11
Let w = -156 - -182. Calculate the remainder when w is divided by 13.
0
Let z = -3 - -13. Calculate the remainde